{"id":856,"date":"2025-09-09T15:35:52","date_gmt":"2025-09-09T13:35:52","guid":{"rendered":"https:\/\/dev.acuarioguppy.com\/?page_id=856"},"modified":"2025-10-16T21:07:44","modified_gmt":"2025-10-16T19:07:44","slug":"sustratos","status":"publish","type":"page","link":"https:\/\/acuarioguppy.com\/?page_id=856","title":{"rendered":"Sustratos"},"content":{"rendered":"\n<div style=\"background-image:url(&#039;https:\/\/acuarioguppy.com\/wp-content\/uploads\/2025\/08\/Aquarium3.jpg&#039;);background-position:25% 69%;background-size:cover;\" class=\"wp-block-group alignwide fondo-pez has-global-padding is-layout-constrained wp-block-group-is-layout-constrained has-background\">\n<div class=\"wp-block-columns is-layout-flex wp-container-core-columns-is-layout-28f84493 wp-block-columns-is-layout-flex\">\n<div class=\"wp-block-column is-layout-flow wp-block-column-is-layout-flow\">\n<figure class=\"wp-block-image size-full foto-banner\" style=\"margin-top:40%;margin-bottom:20%\"><img loading=\"lazy\" decoding=\"async\" width=\"800\" height=\"801\" src=\"https:\/\/acuarioguppy.com\/wp-content\/uploads\/2025\/09\/pescao.png\" alt=\"\" class=\"wp-image-868\"\/><\/figure>\n<\/div>\n\n\n\n<div class=\"wp-block-column is-layout-flow wp-block-column-is-layout-flow\"><\/div>\n\n\n\n<div class=\"wp-block-column is-layout-flow wp-block-column-is-layout-flow\"><\/div>\n<\/div>\n<\/div>\n\n\n\n<figure class=\"wp-block-image size-full curva-pez\"><img loading=\"lazy\" decoding=\"async\" width=\"1920\" height=\"516\" src=\"https:\/\/acuarioguppy.com\/wp-content\/uploads\/2025\/09\/onda.png\" alt=\"\" class=\"wp-image-870\"\/><\/figure>\n\n\n\n<div class=\"wp-block-columns alignfull pez-item is-layout-flex wp-container-core-columns-is-layout-28f84493 wp-block-columns-is-layout-flex\">\n<div class=\"wp-block-column is-layout-flow wp-block-column-is-layout-flow\"><\/div>\n\n\n\n<div class=\"wp-block-column pez-item-col is-layout-flow wp-block-column-is-layout-flow\" style=\"padding-top:5%;padding-left:0\">\n<p class=\"has-text-align-right text-front-sust\" style=\"margin-left:20%;font-size:clamp(28.836px, 1.802rem + ((1vw - 3.2px) * 2.16), 50px);font-style:normal;font-weight:600;text-transform:uppercase\">sobre los sustratos<\/p>\n<\/div>\n\n\n\n<div class=\"wp-block-column pez-item-col is-layout-flow wp-block-column-is-layout-flow\">\n<figure class=\"wp-block-image size-full is-resized\"><img loading=\"lazy\" decoding=\"async\" width=\"1106\" height=\"1107\" src=\"https:\/\/dev.acuarioguppy.com\/wp-content\/uploads\/2025\/08\/sust.png\" alt=\"\" class=\"wp-image-520\" style=\"width:217px;height:auto\"\/><\/figure>\n<\/div>\n<\/div>\n\n\n\n<p class=\"has-text-align-right texto-mini-pez\" style=\"margin-top:2%;margin-right:15%;font-size:12px;font-style:normal;font-weight:500\">Seleccione el sustrato de inter\u00e9s para m\u00e1s detalles.<\/p>\n\n\n\n<div class=\"wp-block-columns alignfull peces-columna is-layout-flex wp-container-core-columns-is-layout-577c8441 wp-block-columns-is-layout-flex\" style=\"margin-bottom:var(--wp--preset--spacing--40);padding-right:var(--wp--preset--spacing--40);padding-left:var(--wp--preset--spacing--40)\">\n<div class=\"wp-block-column col-shadow pez-columna-col has-background is-layout-flow wp-block-column-is-layout-flow\" style=\"background-color:#d5f5fb;padding-bottom:var(--wp--preset--spacing--20)\">\n<figure class=\"wp-block-image size-full\" style=\"margin-top:var(--wp--preset--spacing--10);margin-right:var(--wp--preset--spacing--10);margin-left:var(--wp--preset--spacing--10)\"><img loading=\"lazy\" decoding=\"async\" width=\"768\" height=\"522\" src=\"https:\/\/acuarioguppy.com\/wp-content\/uploads\/2025\/09\/Untitled.png\" alt=\"\" class=\"wp-image-1028\"\/><\/figure>\n\n\n\n<p style=\"margin-left:var(--wp--preset--spacing--10);font-style:normal;font-weight:600\">Los Par\u00e1metros del Agua<\/p>\n\n\n\n<p class=\"text-center\" style=\"margin-right:var(--wp--preset--spacing--10);margin-left:var(--wp--preset--spacing--10)\">El agua de nuestro acuario es la base de nuestro ecosistema. Existen diferentes opiniones acerca de cu\u00e1les son los&#8230;<\/p>\n\n\n\n<p style=\"margin-left:var(--wp--preset--spacing--10)\"><strong><a href=\"https:\/\/dev.acuarioguppy.com\/?p=1466\" data-type=\"link\" data-id=\"https:\/\/dev.acuarioguppy.com\/?p=1466\">Leer m\u00e1s<\/a><\/strong><\/p>\n<\/div>\n\n\n\n<div class=\"wp-block-column col-shadow pez-columna-col has-background is-layout-flow wp-block-column-is-layout-flow\" style=\"background-color:#d5f5fb;padding-bottom:var(--wp--preset--spacing--20)\">\n<figure class=\"wp-block-image size-full\" style=\"margin-top:var(--wp--preset--spacing--10);margin-right:var(--wp--preset--spacing--10);margin-left:var(--wp--preset--spacing--10)\"><img loading=\"lazy\" decoding=\"async\" width=\"768\" height=\"522\" src=\"https:\/\/acuarioguppy.com\/wp-content\/uploads\/2025\/09\/CICLO-NITROGENO-ACUArio.jpg\" alt=\"\" class=\"wp-image-1029\"\/><\/figure>\n\n\n\n<p style=\"margin-left:var(--wp--preset--spacing--10);font-style:normal;font-weight:600\">Ciclo de Nitr\u00f3geno<\/p>\n\n\n\n<p class=\"text-center\" style=\"margin-right:var(--wp--preset--spacing--10);margin-left:var(--wp--preset--spacing--10)\">Es el ciclo biol\u00f3gico del acuario o ciclo del nitr\u00f3geno es un&nbsp;aspecto fundamental que debes&#8230;<\/p>\n\n\n\n<p style=\"margin-left:var(--wp--preset--spacing--10)\"><strong><a href=\"https:\/\/acuarioguppy.com\/?p=1473\" data-type=\"link\" data-id=\"https:\/\/dev.acuarioguppy.com\/?p=1473\">Leer m\u00e1s<\/a><\/strong><\/p>\n<\/div>\n<\/div>\n\n\n\n<div class=\"wp-block-columns fondo-pagina-sust is-layout-flex wp-container-core-columns-is-layout-1d7e04ed wp-block-columns-is-layout-flex\" style=\"margin-top:var(--wp--preset--spacing--60);margin-bottom:var(--wp--preset--spacing--30)\">\n<div class=\"wp-block-column is-vertically-aligned-center has-global-padding is-content-justification-left is-layout-constrained wp-container-core-column-is-layout-9498b020 wp-block-column-is-layout-constrained\" style=\"padding-bottom:var(--wp--preset--spacing--20);padding-left:var(--wp--preset--spacing--10)\">\n<figure class=\"wp-block-image size-full is-resized\" style=\"margin-left:0\"><img loading=\"lazy\" decoding=\"async\" width=\"600\" height=\"606\" src=\"https:\/\/acuarioguppy.com\/wp-content\/uploads\/2025\/08\/SUBSTRATOS.png\" alt=\"\" class=\"wp-image-511\" style=\"width:737px;height:auto\"\/><\/figure>\n<\/div>\n<\/div>\n\n\n\n<div class=\"wp-block-buttons alignfull buttom-pez is-content-justification-left is-layout-flex wp-container-core-buttons-is-layout-49b10ee3 wp-block-buttons-is-layout-flex\" style=\"margin-top:0;padding-left:var(--wp--preset--spacing--10)\">\n<div class=\"wp-block-button boton-pez-regresar is-style-outline is-style-outline--1\"><a class=\"wp-block-button__link has-white-color has-text-color has-background has-link-color wp-element-button\" href=\"https:\/\/acuarioguppy.com\" style=\"border-radius:0px;background-color:#0da276\">Regresar<\/a><\/div>\n<\/div>\n\n\n\n<p><\/p>\n","protected":false},"excerpt":{"rendered":"<p>sobre los sustratos Seleccione el sustrato de inter\u00e9s para m\u00e1s detalles. Los Par\u00e1metros del Agua El agua de nuestro acuario es la base de nuestro ecosistema. Existen diferentes opiniones acerca de cu\u00e1les son los&#8230; Leer m\u00e1s Ciclo de Nitr\u00f3geno Es el ciclo biol\u00f3gico del acuario o ciclo del nitr\u00f3geno es un&nbsp;aspecto fundamental que debes&#8230; Leer [&hellip;]<\/p>\n","protected":false},"author":2,"featured_media":0,"parent":0,"menu_order":0,"comment_status":"closed","ping_status":"closed","template":"full-width","meta":{"footnotes":""},"class_list":["post-856","page","type-page","status-publish","hentry"],"_links":{"self":[{"href":"https:\/\/acuarioguppy.com\/index.php?rest_route=\/wp\/v2\/pages\/856","targetHints":{"allow":["GET"]}}],"collection":[{"href":"https:\/\/acuarioguppy.com\/index.php?rest_route=\/wp\/v2\/pages"}],"about":[{"href":"https:\/\/acuarioguppy.com\/index.php?rest_route=\/wp\/v2\/types\/page"}],"author":[{"embeddable":true,"href":"https:\/\/acuarioguppy.com\/index.php?rest_route=\/wp\/v2\/users\/2"}],"replies":[{"embeddable":true,"href":"https:\/\/acuarioguppy.com\/index.php?rest_route=%2Fwp%2Fv2%2Fcomments&post=856"}],"version-history":[{"count":15,"href":"https:\/\/acuarioguppy.com\/index.php?rest_route=\/wp\/v2\/pages\/856\/revisions"}],"predecessor-version":[{"id":1763,"href":"https:\/\/acuarioguppy.com\/index.php?rest_route=\/wp\/v2\/pages\/856\/revisions\/1763"}],"wp:attachment":[{"href":"https:\/\/acuarioguppy.com\/index.php?rest_route=%2Fwp%2Fv2%2Fmedia&parent=856"}],"curies":[{"name":"wp","href":"https:\/\/api.w.org\/{rel}","templated":true}]}}