{"id":847,"date":"2025-09-09T15:13:40","date_gmt":"2025-09-09T13:13:40","guid":{"rendered":"https:\/\/dev.acuarioguppy.com\/?page_id=847"},"modified":"2025-10-16T20:58:36","modified_gmt":"2025-10-16T18:58:36","slug":"mascotas-2","status":"publish","type":"page","link":"https:\/\/acuarioguppy.com\/?page_id=847","title":{"rendered":"Mascotas"},"content":{"rendered":"\n<div style=\"background-image:url(&#039;https:\/\/acuarioguppy.com\/wp-content\/uploads\/2025\/08\/Aquarium3.jpg&#039;);background-position:25% 69%;background-size:cover;\" class=\"wp-block-group alignwide fondo-pez has-global-padding is-layout-constrained wp-block-group-is-layout-constrained has-background\">\n<div class=\"wp-block-columns is-layout-flex wp-container-core-columns-is-layout-28f84493 wp-block-columns-is-layout-flex\">\n<div class=\"wp-block-column is-layout-flow wp-block-column-is-layout-flow\">\n<figure class=\"wp-block-image size-full foto-banner\" style=\"margin-top:40%;margin-bottom:20%\"><img loading=\"lazy\" decoding=\"async\" width=\"800\" height=\"801\" src=\"https:\/\/acuarioguppy.com\/wp-content\/uploads\/2025\/09\/pescao.png\" alt=\"\" class=\"wp-image-868\"\/><\/figure>\n<\/div>\n\n\n\n<div class=\"wp-block-column is-layout-flow wp-block-column-is-layout-flow\"><\/div>\n\n\n\n<div class=\"wp-block-column is-layout-flow wp-block-column-is-layout-flow\"><\/div>\n<\/div>\n<\/div>\n\n\n\n<figure class=\"wp-block-image size-full curva-pez\"><img loading=\"lazy\" decoding=\"async\" width=\"1920\" height=\"516\" src=\"https:\/\/acuarioguppy.com\/wp-content\/uploads\/2025\/09\/onda.png\" alt=\"\" class=\"wp-image-870\"\/><\/figure>\n\n\n\n<div class=\"wp-block-columns alignfull pez-item is-layout-flex wp-container-core-columns-is-layout-28f84493 wp-block-columns-is-layout-flex\">\n<div class=\"wp-block-column is-layout-flow wp-block-column-is-layout-flow\"><\/div>\n\n\n\n<div class=\"wp-block-column pez-item-col is-layout-flow wp-block-column-is-layout-flow\" style=\"padding-top:5%;padding-left:0\">\n<p class=\"has-text-align-right text-front-mascotas\" style=\"margin-left:36%;font-size:clamp(28.836px, 1.802rem + ((1vw - 3.2px) * 2.16), 50px);font-style:normal;font-weight:600;text-transform:uppercase\">sobre las mascotas<\/p>\n<\/div>\n\n\n\n<div class=\"wp-block-column pez-item-col is-layout-flow wp-block-column-is-layout-flow\">\n<figure class=\"wp-block-image size-full is-resized\"><img loading=\"lazy\" decoding=\"async\" width=\"1106\" height=\"1107\" src=\"https:\/\/acuarioguppy.com\/wp-content\/uploads\/2025\/08\/masc.png\" alt=\"\" class=\"wp-image-505\" style=\"width:217px;height:auto\"\/><\/figure>\n<\/div>\n<\/div>\n\n\n\n<p class=\"has-text-align-right texto-mini-pez\" style=\"margin-top:2%;margin-right:15%;font-size:12px;font-style:normal;font-weight:500\">Seleccione su mascota de inter\u00e9s para m\u00e1s detalles.<\/p>\n\n\n\n<div class=\"wp-block-columns alignfull peces-columna is-layout-flex wp-container-core-columns-is-layout-a4963c5b wp-block-columns-is-layout-flex\" style=\"padding-right:var(--wp--preset--spacing--40);padding-left:var(--wp--preset--spacing--40)\">\n<div class=\"wp-block-column col-shadow pez-columna-col has-background is-layout-flow wp-block-column-is-layout-flow\" style=\"background-color:#d5f5fb;padding-bottom:var(--wp--preset--spacing--20)\">\n<figure class=\"wp-block-image size-full\" style=\"margin-top:var(--wp--preset--spacing--10);margin-right:var(--wp--preset--spacing--10);margin-left:var(--wp--preset--spacing--10)\"><img loading=\"lazy\" decoding=\"async\" width=\"768\" height=\"522\" src=\"https:\/\/acuarioguppy.com\/wp-content\/uploads\/2025\/09\/tortuga-e1588195744955.jpg\" alt=\"\" class=\"wp-image-1015\"\/><\/figure>\n\n\n\n<p style=\"margin-left:var(--wp--preset--spacing--10);font-style:normal;font-weight:600\">Tortugas<\/p>\n\n\n\n<p class=\"text-center\" style=\"margin-right:var(--wp--preset--spacing--10);margin-left:var(--wp--preset--spacing--10)\">Nombre Cient\u00edfico: Testudines. Tambi\u00e9n conocidos como&nbsp;quelonios, las tortugas son un tipo de reptiles caracterizados&#8230;<\/p>\n\n\n\n<p style=\"margin-left:var(--wp--preset--spacing--10)\"><strong><a href=\"https:\/\/acuarioguppy.com\/?p=1437\" data-type=\"link\" data-id=\"https:\/\/acuarioguppy.com\/?p=1437\">Leer m\u00e1s<\/a><\/strong><\/p>\n<\/div>\n\n\n\n<div class=\"wp-block-column col-shadow pez-columna-col has-background is-layout-flow wp-block-column-is-layout-flow\" style=\"background-color:#d5f5fb;padding-bottom:var(--wp--preset--spacing--20)\">\n<figure class=\"wp-block-image size-full\" style=\"margin-top:var(--wp--preset--spacing--10);margin-right:var(--wp--preset--spacing--10);margin-left:var(--wp--preset--spacing--10)\"><img loading=\"lazy\" decoding=\"async\" width=\"768\" height=\"522\" src=\"https:\/\/acuarioguppy.com\/wp-content\/uploads\/2025\/09\/Pavo-real-ok.png\" alt=\"\" class=\"wp-image-1018\"\/><\/figure>\n\n\n\n<p style=\"margin-left:var(--wp--preset--spacing--10);font-style:normal;font-weight:600\">Tortuga Pavo Real<\/p>\n\n\n\n<p class=\"text-center\" style=\"margin-right:var(--wp--preset--spacing--10);margin-left:var(--wp--preset--spacing--10)\">Nombre Cient\u00edfico: Trachemys venusta La tortuga pavo real o Trachemys Venusta por su nombre cient\u00edfico es un animal&#8230;<\/p>\n\n\n\n<p style=\"margin-left:var(--wp--preset--spacing--10)\"><strong><a href=\"https:\/\/acuarioguppy.com\/?p=1443\" data-type=\"link\" data-id=\"https:\/\/acuarioguppy.com\/?p=1443\">Leer m\u00e1s<\/a><\/strong><\/p>\n<\/div>\n\n\n\n<div class=\"wp-block-column col-shadow pez-columna-col has-background is-layout-flow wp-block-column-is-layout-flow\" style=\"background-color:#d5f5fb;padding-bottom:var(--wp--preset--spacing--20)\">\n<figure class=\"wp-block-image size-full\" style=\"margin-top:var(--wp--preset--spacing--10);margin-right:var(--wp--preset--spacing--10);margin-left:var(--wp--preset--spacing--10)\"><img loading=\"lazy\" decoding=\"async\" width=\"768\" height=\"522\" src=\"https:\/\/acuarioguppy.com\/wp-content\/uploads\/2025\/09\/hamster-cuidados-manejo.jpg\" alt=\"\" class=\"wp-image-1019\"\/><\/figure>\n\n\n\n<p style=\"margin-left:var(--wp--preset--spacing--10);font-style:normal;font-weight:600\">Hamsters<\/p>\n\n\n\n<p style=\"margin-right:var(--wp--preset--spacing--10);margin-left:var(--wp--preset--spacing--10)\">Nombre Cient\u00edfico: Cricetinae Los&nbsp;cricetinos&nbsp;(Cricetinae) son una&nbsp;subfamilia&nbsp;de&nbsp;roedores,&#8230;<\/p>\n\n\n\n<p style=\"margin-left:var(--wp--preset--spacing--10)\"><strong><a href=\"https:\/\/acuarioguppy.com\/?p=1448\" data-type=\"link\" data-id=\"https:\/\/acuarioguppy.com\/?p=1448\">Leer m\u00e1s<\/a><\/strong><\/p>\n<\/div>\n<\/div>\n\n\n\n<div class=\"wp-block-columns alignfull peces-columna is-layout-flex wp-container-core-columns-is-layout-577c8441 wp-block-columns-is-layout-flex\" style=\"margin-bottom:var(--wp--preset--spacing--40);padding-right:var(--wp--preset--spacing--40);padding-left:var(--wp--preset--spacing--40)\">\n<div class=\"wp-block-column col-shadow pez-columna-col has-background is-layout-flow wp-block-column-is-layout-flow\" style=\"background-color:#d5f5fb;padding-bottom:var(--wp--preset--spacing--20)\">\n<figure class=\"wp-block-image size-full\" style=\"margin-top:var(--wp--preset--spacing--10);margin-right:var(--wp--preset--spacing--10);margin-left:var(--wp--preset--spacing--10)\"><img loading=\"lazy\" decoding=\"async\" width=\"768\" height=\"522\" src=\"https:\/\/acuarioguppy.com\/wp-content\/uploads\/2025\/09\/cobaya-1.jpg\" alt=\"\" class=\"wp-image-1020\"\/><\/figure>\n\n\n\n<p style=\"margin-left:var(--wp--preset--spacing--10);font-style:normal;font-weight:600\">Cuyo o Cuy<\/p>\n\n\n\n<p style=\"margin-right:var(--wp--preset--spacing--10);margin-left:var(--wp--preset--spacing--10)\">Nombre Cientifico: Cavia Porcellus. Este animal se le conoce por diferentes nombres conejillo de indias, cobayo,&#8230;<\/p>\n\n\n\n<p style=\"margin-left:var(--wp--preset--spacing--10)\"><strong><a href=\"https:\/\/acuarioguppy.com\/?p=1455\" data-type=\"link\" data-id=\"https:\/\/acuarioguppy.com\/?p=1455\">Leer m\u00e1s<\/a><\/strong><\/p>\n<\/div>\n\n\n\n<div class=\"wp-block-column col-shadow pez-columna-col has-background is-layout-flow wp-block-column-is-layout-flow\" style=\"background-color:#d5f5fb;padding-bottom:var(--wp--preset--spacing--20)\">\n<figure class=\"wp-block-image size-full\" style=\"margin-top:var(--wp--preset--spacing--10);margin-right:var(--wp--preset--spacing--10);margin-left:var(--wp--preset--spacing--10)\"><img loading=\"lazy\" decoding=\"async\" width=\"768\" height=\"522\" src=\"https:\/\/acuarioguppy.com\/wp-content\/uploads\/2025\/09\/conejoenanodecolor.jpg\" alt=\"\" class=\"wp-image-1021\"\/><\/figure>\n\n\n\n<p style=\"margin-left:var(--wp--preset--spacing--10);font-style:normal;font-weight:600\">Conejo Enano<\/p>\n\n\n\n<p style=\"margin-right:var(--wp--preset--spacing--10);margin-left:var(--wp--preset--spacing--10)\">Nombre Cient\u00edfico: Oryctolagus cuniculus. Su origen se encuentra en&nbsp;Australia&nbsp;y desde ah\u00ed se fueron extendiendo a&#8230;<\/p>\n\n\n\n<p style=\"margin-left:var(--wp--preset--spacing--10)\"><strong><a href=\"https:\/\/acuarioguppy.com\/?p=1461\" data-type=\"link\" data-id=\"https:\/\/acuarioguppy.com\/?p=1461\">Leer m\u00e1s<\/a><\/strong><\/p>\n<\/div>\n\n\n\n<div class=\"wp-block-column is-layout-flow wp-block-column-is-layout-flow\"><\/div>\n<\/div>\n\n\n\n<div class=\"wp-block-columns fondo-pagina-masc is-layout-flex wp-container-core-columns-is-layout-1d7e04ed wp-block-columns-is-layout-flex\" style=\"margin-top:var(--wp--preset--spacing--60);margin-bottom:var(--wp--preset--spacing--30)\">\n<div class=\"wp-block-column is-vertically-aligned-center has-global-padding is-content-justification-left is-layout-constrained wp-container-core-column-is-layout-9498b020 wp-block-column-is-layout-constrained\" style=\"padding-bottom:var(--wp--preset--spacing--20);padding-left:var(--wp--preset--spacing--10)\">\n<figure class=\"wp-block-image size-full is-resized\" style=\"margin-left:0\"><img loading=\"lazy\" decoding=\"async\" width=\"600\" height=\"569\" src=\"https:\/\/acuarioguppy.com\/wp-content\/uploads\/2025\/08\/MASCOTAS.png\" alt=\"\" class=\"wp-image-478\" style=\"width:737px;height:auto\"\/><\/figure>\n<\/div>\n<\/div>\n\n\n\n<div class=\"wp-block-buttons alignfull buttom-pez is-content-justification-left is-layout-flex wp-container-core-buttons-is-layout-49b10ee3 wp-block-buttons-is-layout-flex\" style=\"margin-top:0;padding-left:var(--wp--preset--spacing--10)\">\n<div class=\"wp-block-button boton-pez-regresar is-style-outline is-style-outline--1\"><a class=\"wp-block-button__link has-white-color has-text-color has-background has-link-color wp-element-button\" href=\"https:\/\/acuarioguppy.com\" style=\"border-radius:0px;background-color:#0da276\">Regresar<\/a><\/div>\n<\/div>\n\n\n\n<p><\/p>\n","protected":false},"excerpt":{"rendered":"<p>sobre las mascotas Seleccione su mascota de inter\u00e9s para m\u00e1s detalles. Tortugas Nombre Cient\u00edfico: Testudines. Tambi\u00e9n conocidos como&nbsp;quelonios, las tortugas son un tipo de reptiles caracterizados&#8230; Leer m\u00e1s Tortuga Pavo Real Nombre Cient\u00edfico: Trachemys venusta La tortuga pavo real o Trachemys Venusta por su nombre cient\u00edfico es un animal&#8230; Leer m\u00e1s Hamsters Nombre Cient\u00edfico: Cricetinae [&hellip;]<\/p>\n","protected":false},"author":1,"featured_media":0,"parent":0,"menu_order":0,"comment_status":"closed","ping_status":"closed","template":"full-width","meta":{"footnotes":""},"class_list":["post-847","page","type-page","status-publish","hentry"],"_links":{"self":[{"href":"https:\/\/acuarioguppy.com\/index.php?rest_route=\/wp\/v2\/pages\/847","targetHints":{"allow":["GET"]}}],"collection":[{"href":"https:\/\/acuarioguppy.com\/index.php?rest_route=\/wp\/v2\/pages"}],"about":[{"href":"https:\/\/acuarioguppy.com\/index.php?rest_route=\/wp\/v2\/types\/page"}],"author":[{"embeddable":true,"href":"https:\/\/acuarioguppy.com\/index.php?rest_route=\/wp\/v2\/users\/1"}],"replies":[{"embeddable":true,"href":"https:\/\/acuarioguppy.com\/index.php?rest_route=%2Fwp%2Fv2%2Fcomments&post=847"}],"version-history":[{"count":25,"href":"https:\/\/acuarioguppy.com\/index.php?rest_route=\/wp\/v2\/pages\/847\/revisions"}],"predecessor-version":[{"id":1752,"href":"https:\/\/acuarioguppy.com\/index.php?rest_route=\/wp\/v2\/pages\/847\/revisions\/1752"}],"wp:attachment":[{"href":"https:\/\/acuarioguppy.com\/index.php?rest_route=%2Fwp%2Fv2%2Fmedia&parent=847"}],"curies":[{"name":"wp","href":"https:\/\/api.w.org\/{rel}","templated":true}]}}